g(4).
-12
Let k(v) = 348*v - 2432. Give k(7).
4
Let d(c) = 2*c**3 - 5*c**2 + 3*c - 3. Give d(3).
15
Let v(w) = -8*w + 3. Give v(-1).
11
Let j(d) = d**3 + 8*d**2 + 3*d - 4. What is j(-3)?
32
Let g(b) = -b**3 - 5*b**2 - 6*b + 2. Give g(-4).
10
Let f(u) = -u**3 - 8*u**2 + 27*u - 17. Give f(2).
-3
Let u(r) = r - 7. What is u(3)?
-4
Let o(w) = 33*w - 366. Determine o(11).
-3
Let o(a) = -12*a - 2. Calculate o(-4).
46
Let c(k) = k**3 + 10*k**2 + 10. Determine c(-10).
10
Let a(r) = r**3 + 28*r**2 - 41*r - 353. Determine a(-29).
-5
Let x(i) = i**3 - 19*i**2 + 22*i - 48. What is x(18)?
24
Let v(k) = k**2 - k - 1. Give v(-1).
1
Let r(t) = t**2 - 8*t - 2. Determine r(5).
-17
Let b(s) = 2*s**3 + 28*s**2 + 31*s + 66. Calculate b(-13).
1
Let o(k) = -k**2 - 8*k + 5. Determine o(-8).
5
Let v(w) = -4*w - 50. Give v(-13).
2
Let s(k) = k**2 + 19*k - 64. What is s(-22)?
2
Let s(c) = -c - 19. Determine s(-21).
2
Let k(u) = -2*u**2 - 17*u + 10. Determine k(-9).
1
Let a(z) = z**2 + 25*z - 154. What is a(-30)?
-4
Let i(f) = 2*f**2 + 27*f - 5. Determine i(-15).
40
Let x(p) = 50*p - 44. Calculate x(1).
6
Let u(b) = 4*b**2 + 3*b + 2. What is u(-1)?
3
Let p(g) = -g**3 - 4*g**2 - 2*g + 7. Give p(-3).
4
Let j(l) = l**2 - 2*l + 6. Give j(4).
14
Let t(i) = -i - 64. What is t(-9)?
-55
Let u(s) = 4*s**2. Determine u(-1).
4
Let d(q) = 20*q + 18. Calculate d(-1).
-2
Let b(t) = -t**3 + 7*t**2 - 7*t - 4. What is b(6)?
-10
Let z(y) = -2*y - 9. Give z(-10).
11
Let x(v) = -v**3 + 3*v**2 - 4. Calculate x(3).
-4
Let x(z) = z**3 - 2*z**2 + 2*z - 5. What is x(3)?
10
Let d(m) = m**3 + 5*m**2 + 2*m + 5. What is d(-5)?
-5
Let i(z) = -z**2 - 2*z - 11. Determine i(-8).
-59
Let o(u) = 10*u**2 - 5*u + 5. Calculate o(2).
35
Let w(c) = 12*c - 1. Give w(2).
23
Let s(o) = 2*o**3 + 10*o**2 - 2*o + 40. Determine s(-6).
-20
Let s(d) = -d**2 + 10*d - 10. Give s(6).
14
Let g(q) = q**3 - 14*q**2 - 17*q + 43. Calculate g(15).
13
Let t(g) = -g + 4. Determine t(3).
1
Let o(u) = -u**3 + 9*u**2 + 2*u - 90. Determine o(8).
-10
Let o(b) = -2*b**2 + 59*b - 34. Calculate o(29).
-5
Let c(v) = v**3 - 9*v**2 - 2*v - 4. Give c(10).
76
Let s(n) = 2*n**2 - 47*n - 24. Determine s(24).
0
Let j(x) = 8*x + 91. Determine j(-12).
-5
Let z(p) = 39*p**3 - p. Give z(-1).
-38
Let j(o) = -o**3 + 18*o**2 + 41*o - 26. Determine j(20).
-6
Let h(b) = -b + 52. Give h(18).
34
Let p(k) = 31*k**3 + 2*k**2 - k. Determine p(1).
32
Let a(p) = 9*p - 88. Determine a(7).
-25
Let l(g) = -g**2 - 17*g - 44. What is l(-13)?
8
Let l(t) = 3*t**3 - 4*t**2 + 5*t - 1. Give l(1).
3
Let i(t) = t**3 - 2*t**2 - 3*t + 7. Give i(-3).
-29
Let t(a) = -54*a + 1. Calculate t(1).
-53
Let o(n) = -n**2 - 11*n - 6. Give o(-7).
22
Let h(y) = y**3 - 5*y**2 - y - 19. Give h(6).
11
Let g(r) = -27*r + 158. Give g(6).
-4
Let d(z) = z**3 + z**2 + z - 3. What is d(-3)?
-24
Let k(a) = -4*a**2 - 3*a + 5. Determine k(4).
-71
Let i(s) = s - 7. Calculate i(10).
3
Let m(u) = u**3 - 30*u**2 - 2*u - 31. What is m(30)?
-91
Let j(x) = x**3 + 8*x**2 - 9*x - 80. Determine j(-8).
-8
Let o(z) = z + 12. Determine o(-10).
2
Let g(s) = s**3 + 6*s**2 - 14*s + 15. Determine g(-8).
-1
Let r(z) = -z**2 - 11*z. Calculate r(-12).
-12
Let y(h) = h**3 - 9*h**2 + h - 4. What is y(9)?
5
Let u(d) = 2*d**2 - 4*d - 13. Give u(-2).
3
Let d(r) = -r**3 - 6*r**2 - 6*r - 7. Give d(-5).
-2
Let c(z) = -10*z - 33. What is c(-7)?
37
Let c(r) = r**3 + r**2 - 7*r. What is c(-5)?
-65
Let d(j) = -2*j**3 + j**2 + 4. What is d(2)?
-8
Let n(o) = -o**3 + 9*o**2 - 5*o - 6. What is n(8)?
18
Let g(s) = s**3 + s**2 - 10*s - 2. Give g(-4).
-10
Let m(u) = 7*u + 66. What is m(-8)?
10
Let o(v) = -v**2 + 30*v - 95. Determine o(25).
30
Let z(l) = l**2 - l + 2. Give z(2).
4
Let m(h) = -2*h**2 - 5*h + 1. Calculate m(0).
1
Let b(i) = 2*i + 39. Give b(-18).
3
Let y(k) = k + 31. Give y(-27).
4
Let b(q) = -18*q**2 - q + 1. What is b(1)?
-18
Let s(u) = -u**3 + 4*u**2 + 6*u + 7. What is s(6)?
-29
Let l(g) = -2*g**2 + 4*g - 3. Determine l(2).
-3
Let w(y) = -y**3 - 5*y**2 + 3*y + 1. Give w(-7).
78
Let k(d) = d**3 + 14*d**2 + 17*d + 10. Give k(-13).
-42
Let f(x) = -8*x - 102. Determine f(-13).
2
Let x(q) = q**3 + 6*q**2 - 9. Give x(-5).
16
Let b(x) = 13*x - 13. Give b(-1).
-26
Let v(o) = -2*o**2 - 17*o + 16. What is v(-11)?
-39
Let q(z) = -z**3 - 21*z**2 - 53*z + 18. What is q(-18)?
0
Let h(u) = -u**3 - 6*u**2 - 8*u + 7. What is h(-5)?
22
Let x(c) = c + 3. Calculate x(-5).
-2
Let n(g) = -15*g + 18. What is n(8)?
-102
Let k(j) = -j**2 - 9*j - 8. Determine k(-12).
-44
Let s(w) = -2*w + 2. Calculate s(10).
-18
Let z(c) = c**3 - 27*c**2 - c + 46. Calculate z(27).
19
Let k(l) = -l**2 + 46*l - 214. What is k(5)?
-9
Let n(k) = -2*k**3 + 2*k**2 + k - 5. Calculate n(0).
-5
Let f(h) = -12*h - 7. Calculate f(-4).
41
Let s(m) = 10*m**2. What is s(1)?
10
Let m(a) = -a**2 - 8*a + 4. Give m(-8).
4
Let b(w) = -w**3 + 7*w**2 + 4. What is b(7)?
4
Let u(o) = -2*o**2 - 34*o + 8. What is u(-16)?
40
Let g(n) = 7*n - 44. Give g(10).
26
Let a(m) = -m**3 + 7*m**2 - 6*m - 12. Determine a(6).
-12
Let o(z) = -5*z**2 - 7*z + 34. Calculate o(3).
-32
Let j(y) = -y**2 - 15*y - 53. Calculate j(-12).
-17
Let c(k) = -k**3 + 3*k**2 + 9*k - 38. Determine c(3).
-11
Let m(x) = -x**3 + 12*x**2 + 2*x - 27. Determine m(12).
-3
Let y(l) = -l**3 - 10*l**2 - 21*l. What is y(-5)?
-20
Let t(w) = -w**2 + 49*w - 2. Calculate t(49).
-2
Let z(s) = s**3 + s + 88. Determine z(0).
88
Let b(a) = 5*a**2 + 4*a. Calculate b(-3).
33
Let w(h) = -2*h**2 + 5*h - 8. Determine w(5).
-33
Let f(m) = m**3 + m**2 - 5*m + 11. Determine f(3).
32
Let g(m) = m**2 + 12*m + 3. What is g(-11)?
-8
Let g(b) = 4*b - 17. What is g(4)?
-1
Let r(s) = s**2 - 7*s + 7. Give r(8).
15
Let y(t) = 3*t**3 - 130*t**2 + 43*t + 1. What is y(43)?
1
Let q(d) = d**3 + d**2 + 16. Calculate q(-3).
-2
Let q(f) = -f**3 + 4*f**2 + 5*f - 7. Calculate q(5).
-7
Let g(b) = 7*b + 151. Determine g(-22).
-3
Let y(i) = 3*i**2 - i + 2. What is y(-4)?
54
Let a(b) = -b**3 + 2*b - 10. Calculate a(0).
-10
Let a(g) = g**2 + 24*g - 13. Give a(-22).
-57
Let d(i) = i**3 - 15*i**2 + 3*i + 5. Give d(15).
50
Let m(s) = s**3 + 19*s**2 + 2*s + 29. Determine m(-19).
-9
Let v(h) = 5*h + 2. Determine v(5).
27
Let m(v) = -9*v**2 - 11*v - 20. Determine m(-3).
-68
Let r(u) = -u**3 - 6*u**2 - 1. What is r(-6)?
-1
Let m(f) = -f**2 - 13*f + 5. What is m(-10)?
35
Let p(l) = -10*l - 41. Calculate p(0).
-41
Let j(s) = s + 7. What is j(4)?
11
Let b(q) = 4*q + 12. Give b(13).
64
Let r(u) = u + 7. Determine r(6).
13
Let y(c) = -c + 18. Give y(10).
8
Let r(b) = -14*b + 459. What is r(33)?
-3
Let i(a) = 4*a**2 + 32*a - 8. Determine i(-8).
-8
Let p(m) = m**3 + m**2 - 2*m - 1. Determine p(-2).
-1
Let a(i) = i**3 - 9*i**2 + 5*i. Determine a(8).
-24
Let u(a) = 75*a + 89. What is u(-1)?
14
Let y(o) = -6*o - 36. Give y(-6).
0
Let k(z) = z**3 - z**2 - 2*z + 3. Calculate k(3).
15
Let h(z) = 4*z - 5. Calculate h(1).
-1
Let k(m) = -m**2 + 8*m + 5. Give k(8).
5
Let p(m) = 6*m**3 - 2*m**2 + 6*m + 7. What is p(-1)?
-7
Let n(j) = j**3 + 5*j**2 - 6*j - 4. What is n(-6)?
-4
Let v(a) = a**3 + 12*a**2 + 2*a + 16. Calculate v(-12).
-8
Let s(j) = -j**3 + 10*j**2 - 19*j + 8. Determine s(7).
22
Let z(c) = -c**2 + 7*c + 6. Give z(7).
6
Let l(y) = 10*y + 85. Give l(-9).
-5
Let m(q) = q**3 - 12*q**2 - 15*q + 19. Calculate m(13).
-7
Let u(o) = -3*o - 201. What is u(-22)?
-135
Let r(z) = -z**2 + 7*z + 9. What is r(9)?
-9
Let g(u) = -u**3 - 38*u**2 - 71*u + 25. What is g(-36)?
-11
Let r(p) = -6*p**2 + 6. Determine r(2).
-18
Let u(n) = -3*n**2 - 8*n - 16. Calculate u(-3).
-19
Let q(s) = s - 11. What is q(22)?
11
Let g(k) = k**2 - 33*k + 3. What is g(33)?
3
Let r(f) = f**2 + 5*f - 5. Determine r(-7).
9
Let t(u) = 11*u + 55. What is t(-6)?
-11
Let c(b) = -26*b - 515. Give c(-20).
5
Let c(g) = 3*g + 7. Calculate c(-7).
-14
Let p(y) = 6*y**2 - 10*y - 2. Calculate p(-3).
82
Let k(j) = 8*j - 41. What is k(7)?
15
Let l(z) = 34*z**3 + z + 1. What is l(-1)?
-34
Let i(u) = -6*u - 1. Give i(1).
-7
Let i(a) = a**3 + 7*a**2 + a + 9. What is i(-7)?
2
Let n(f) = f**3 + 14*f**2 + 23*f - 1. Calculate n(-12).
11
Let k(j) = -229*j - 700. Determine k(-3).
-13
Let o(w) = 2*w - 24. Determine o(11).
-2
Let f(z) = -z + 12. What is f(0)?
12
Let k(x) = 79*x**2 + 12*x - 13. Give k(1).
78
Let b(u) = -3*u**2 + 2*u + 2. Give b(-5)